s digit of 29270193?
2
What is the hundreds digit of 15288389?
3
What is the hundred millions digit of 809851300?
8
What is the ten thousands digit of 63911425?
1
What is the units digit of 2823513136?
6
What is the millions digit of 43200413?
3
What is the thousands digit of 83503904?
3
What is the hundreds digit of 101834977?
9
What is the tens digit of 2430981210?
1
What is the units digit of 225137567?
7
What is the hundred thousands digit of 2259834468?
8
What is the units digit of 168416545?
5
What is the hundreds digit of 36273194?
1
What is the thousands digit of 97984276?
4
What is the hundred thousands digit of 557255659?
2
What is the tens digit of 109748850?
5
What is the millions digit of 121556496?
1
What is the hundred thousands digit of 2022772164?
7
What is the millions digit of 2777718322?
7
What is the hundred millions digit of 189752250?
1
What is the millions digit of 2711734281?
1
What is the hundred thousands digit of 42510428?
5
What is the tens digit of 952478143?
4
What is the thousands digit of 604010678?
0
What is the ten thousands digit of 141397444?
9
What is the hundred thousands digit of 172047352?
0
What is the ten thousands digit of 1083099?
8
What is the ten thousands digit of 98384161?
8
What is the hundreds digit of 86044875?
8
What is the tens digit of 6750361?
6
What is the units digit of 150947253?
3
What is the millions digit of 1113135416?
3
What is the millions digit of 893961459?
3
What is the millions digit of 14291565?
4
What is the hundreds digit of 12559043?
0
What is the units digit of 63201296?
6
What is the units digit of 2896527807?
7
What is the thousands digit of 1584242395?
2
What is the units digit of 1634502920?
0
What is the millions digit of 82379948?
2
What is the hundred millions digit of 1883751764?
8
What is the ten millions digit of 29775506?
2
What is the hundreds digit of 39195165?
1
What is the ten millions digit of 449390011?
4
What is the hundred thousands digit of 483107816?
1
What is the millions digit of 47554918?
7
What is the thousands digit of 240015285?
5
What is the ten thousands digit of 42431838?
3
What is the thousands digit of 323164361?
4
What is the ten millions digit of 66985511?
6
What is the hundred thousands digit of 720472109?
4
What is the hundred millions digit of 138348033?
1
What is the millions digit of 612408097?
2
What is the ten thousands digit of 48194531?
9
What is the units digit of 5162286327?
7
What is the millions digit of 770913506?
0
What is the ten millions digit of 562390928?
6
What is the hundred millions digit of 209988238?
2
What is the ten millions digit of 63219780?
6
What is the ten thousands digit of 160803859?
0
What is the hundreds digit of 950009191?
1
What is the units digit of 1547783846?
6
What is the ten thousands digit of 54305988?
0
What is the ten thousands digit of 158991059?
9
What is the hundreds digit of 28166855?
8
What is the hundred thousands digit of 449949936?
9
What is the thousands digit of 1271552948?
2
What is the hundred millions digit of 4421660335?
4
What is the units digit of 90237199?
9
What is the units digit of 24179127?
7
What is the hundred thousands digit of 62147390?
1
What is the hundreds digit of 763029841?
8
What is the thousands digit of 1944115381?
5
What is the millions digit of 7792686?
7
What is the thousands digit of 480235058?
5
What is the billions digit of 1401911882?
1
What is the tens digit of 168687139?
3
What is the millions digit of 6409978?
6
What is the ten millions digit of 10623551?
1
What is the ten thousands digit of 53157715?
5
What is the hundreds digit of 90166178?
1
What is the millions digit of 14081487?
4
What is the tens digit of 1446718932?
3
What is the units digit of 1035137976?
6
What is the ten millions digit of 186657337?
8
What is the hundred thousands digit of 204319310?
3
What is the thousands digit of 39549593?
9
What is the tens digit of 361954621?
2
What is the hundred thousands digit of 258394586?
3
What is the ten thousands digit of 2695053?
9
What is the ten millions digit of 3847655085?
4
What is the thousands digit of 142688742?
8
What is the hundred millions digit of 700739253?
7
What is the ten thousands digit of 1111950690?
5
What is the millions digit of 92084021?
2
What is the millions digit of 178904172?
8
What is the hundreds digit of 102835385?
3
What is the millions digit of 9443951488?
3
What is the billions digit of 1007367328?
1
What is the millions digit of 3272308?
3
What is the millions digit of 1989517409?
9
What is the thousands digit of 3891433771?
3
What is the hundred thousands digit of 266656233?
6
What is the thousands digit of 431559577?
9
What is the hundred thousands digit of 235969151?
9
What is the ten millions digit of 1645048685?
4
What is the thousands digit of 696714585?
4
What is the ten thousands digit of 54840713?
4
What is the hundred millions digit of 3121834355?
1
What is the ten millions digit of 38544597?
3
What is the ten thousands digit of 41729868?
2
What is the ten thousands digit of 569697923?
9
What is the hundred millions digit of 2312982909?
3
What is the thousands digit of 63013179?
3
What is the units digit of 529307140?
0
What is the ten millions digit of 20163242?
2
What is the thousands digit of 226807253?
7
What is the millions digit of 1096337636?
6
What is the tens digit of 33312040?
4
What is the tens digit of 146473961?
6
What is the units digit of 125840588?
8
What is the hundred thousands digit of 2904232167?
2
What is the millions digit of 956408740?
6
What is the hundred thousands digit of 444303931?
3
What is the units digit of 815613260?
0
What is the hundred millions digit of 352303190?
3
What is the hundreds digit of 3823486?
4
What is the millions digit of 657239134?
7
What is the ten thousands digit of 40028513?
2
What is the ten millions digit of 775279611?
7
What is the hundreds digit of 1094081423?
4
What is the hundred thousands digit of 132934526?
9
What is the hundred thousands digit of 27321929?
3
What is the hundred millions digit of 116435978?
1
What is the billions digit of 3014502124?
3
What is the billions digit of 2980688145?
2
What is the thousands digit of 405430348?
0
What is the hundreds digit of 46716854?
8
What is the ten millions digit of 181642080?
8
What is the hundred millions digit of 6982244150?
9
What is the ten millions digit of 634169497?
3
What is the thousands digit of 446104862?
4
What is the hundred millions digit of 112419729?
1
What is the units digit of 111461139?
9
What is the millions digit of 845034535?
5
What is the tens digit of 874655702?
0
What is the millions digit of 95217303?
5
What is the ten thousands digit of 4874504?
7
What is the ten millions digit of 18931981?
1
What is the tens digit of 67447444?
4
What is the ten thousands digit of 200928046?
2
What is the ten thousands digit of 28136234?
3
What is the ten millions digit of 870733695?
7
What is the ten thousands digit of 246964003?
6
What is the hundred thousands digit of 10530979?
5
What is the millions digit of 11991344?
1
What is the hundred thousands digit of 189573973?
5
What is the hundred thousands digit of 4987985?
9
What is the thousands digit of 777805567?
5
What is the millions digit of 158907078?
8
What is the millions digit of 147551984?
7
What is the hundreds digit of 46101696?
6
What is the units digit of 124420801?
1
What is the tens digit of 1413229119?
1
What is the hundreds digit of 938840697?
6
What is the thousands digit of 64468133?
8
What is the hundred thousands digit of 132365684?
3
What is the hundreds digit of 224789214?
2
What is the hundred thousands digit of 12431920?
4
What is the hundred thousands digit of 389029306?
0
What is the ten thousands digit of 110325248?
2
What is the hundred thousands digit of 565897655?
8
What is the hundred thousands digit of 1418852715?
8
What is the ten thousands digit of 173186629?
8
What is the tens digit of 224598651?
5
What is the tens digit of 5033338576?
7
What is the hundred millions digit of 953682255?
9
What is the hundreds digit of 976943597?
5
What is the units digit of 3104641494?
4
What is the hundred thousands digit of 7901502?
9
What is the hundred thousands digit of 344066904?
0
What is the tens digit 